{"id":1175,"date":"2024-10-29T11:32:43","date_gmt":"2024-10-29T11:32:43","guid":{"rendered":"https:\/\/www.newsregion.cz\/?page_id=1175"},"modified":"2024-10-31T16:17:47","modified_gmt":"2024-10-31T16:17:47","slug":"prodej-firem-2","status":"publish","type":"page","link":"https:\/\/www.newsregion.cz\/index.php\/prodej-firem-2\/","title":{"rendered":"Prodej firem"},"content":{"rendered":"\t\t<div data-elementor-type=\"wp-page\" data-elementor-id=\"1175\" class=\"elementor elementor-1175\">\n\t\t\t\t\t\t<section class=\"elementor-section elementor-top-section elementor-element elementor-element-a9e4ec6 elementor-section-boxed elementor-section-height-default elementor-section-height-default\" data-id=\"a9e4ec6\" data-element_type=\"section\">\n\t\t\t\t\t\t<div class=\"elementor-container elementor-column-gap-default\">\n\t\t\t\t\t<div class=\"elementor-column elementor-col-100 elementor-top-column elementor-element elementor-element-6fecfe5\" data-id=\"6fecfe5\" data-element_type=\"column\">\n\t\t\t<div class=\"elementor-widget-wrap elementor-element-populated\">\n\t\t\t\t\t\t<div class=\"elementor-element elementor-element-5a27225 elementor-widget elementor-widget-text-editor\" data-id=\"5a27225\" data-element_type=\"widget\" data-widget_type=\"text-editor.default\">\n\t\t\t\t<div class=\"elementor-widget-container\">\n\t\t\t\t\t\t\t<p><strong>Prodej firem<span style=\"color: #ff0000;\"> (0 z\u00e1znam\u016f)<\/span><\/strong><\/p><p><strong>Prodej obchodn\u00edho pod\u00edlu <span style=\"color: #ff0000;\">(0 z\u00e1znam\u016f)<\/span><\/strong><\/p><p><strong>Prodej E-shop\u016f\u00a0<span style=\"color: #ff0000;\"> (0 z\u00e1znam\u016f)<\/span><\/strong><\/p><p><strong>Nab\u00eddka spolupr\u00e1ce <span style=\"color: #ff0000;\">(0 z\u00e1znam\u016f)<\/span><\/strong><\/p>\t\t\t\t\t\t<\/div>\n\t\t\t\t<\/div>\n\t\t\t\t\t<\/div>\n\t\t<\/div>\n\t\t\t\t\t<\/div>\n\t\t<\/section>\n\t\t\t\t<\/div>\n\t\t","protected":false},"excerpt":{"rendered":"<p>Prodej firem (0 z\u00e1znam\u016f) Prodej obchodn\u00edho pod\u00edlu (0 z\u00e1znam\u016f) Prodej E-shop\u016f\u00a0 (0 z\u00e1znam\u016f) Nab\u00eddka spolupr\u00e1ce (0 z\u00e1znam\u016f)<\/p>\n","protected":false},"author":1,"featured_media":0,"parent":0,"menu_order":0,"comment_status":"closed","ping_status":"closed","template":"","meta":{"footnotes":""},"class_list":["post-1175","page","type-page","status-publish","hentry"],"_links":{"self":[{"href":"https:\/\/www.newsregion.cz\/index.php\/wp-json\/wp\/v2\/pages\/1175"}],"collection":[{"href":"https:\/\/www.newsregion.cz\/index.php\/wp-json\/wp\/v2\/pages"}],"about":[{"href":"https:\/\/www.newsregion.cz\/index.php\/wp-json\/wp\/v2\/types\/page"}],"author":[{"embeddable":true,"href":"https:\/\/www.newsregion.cz\/index.php\/wp-json\/wp\/v2\/users\/1"}],"replies":[{"embeddable":true,"href":"https:\/\/www.newsregion.cz\/index.php\/wp-json\/wp\/v2\/comments?post=1175"}],"version-history":[{"count":19,"href":"https:\/\/www.newsregion.cz\/index.php\/wp-json\/wp\/v2\/pages\/1175\/revisions"}],"predecessor-version":[{"id":1211,"href":"https:\/\/www.newsregion.cz\/index.php\/wp-json\/wp\/v2\/pages\/1175\/revisions\/1211"}],"wp:attachment":[{"href":"https:\/\/www.newsregion.cz\/index.php\/wp-json\/wp\/v2\/media?parent=1175"}],"curies":[{"name":"wp","href":"https:\/\/api.w.org\/{rel}","templated":true}]}}